5*u - 30 = -3*n, -3*u = -2*n - 8 - 10. Suppose -2*k + u*k - 8 = 0. Let c = k + 2. What is the units digit of c?
4
Suppose -2*f + 72 = -f - 5*l, 0 = 5*f - 3*l - 294. What is the tens digit of f?
5
Let i = 17 - -3. What is the tens digit of i?
2
Let d = 1 + 2. Suppose 2*g - g - 33 = -5*f, 12 = d*f. What is the units digit of g?
3
Suppose -15 = 2*b - 193. What is the units digit of b?
9
What is the units digit of 1 - ((-8)/4 + -11)?
4
Suppose -3*t + 6*t - 39 = 0. Let f = t - -5. What is the tens digit of f?
1
Let y(j) = j + 7. Suppose 3*b + 9 = -0*b. Let r be (b/(-2))/(6/(-16)). What is the units digit of y(r)?
3
Suppose 2*d - 54 = -d. Suppose 0*k + 5*w = 4*k + d, -8 = 5*k + w. Let h = k + 15. What is the units digit of h?
3
Suppose 0 = 2*k + 3*k - 20. Suppose 0 = -k*v + 2*j + 58, -4*v - 3*j + 52 = j. Suppose -t = -3*q - 1 - 6, v = 2*t - q. What is the units digit of t?
7
Let a(g) = 5*g**2 - g + 1. Let m = 5 - 4. Let u be a(m). Suppose 0 = -u*t + 7 + 53. What is the tens digit of t?
1
Let r(t) = t**3 - 8*t**2 + t - 6. Let l be r(8). Suppose 0 = -l*d + d - 2. What is the units digit of d/3*(-30)/4?
5
Suppose 2*r - 5 = -1. Let n = r - -13. What is the tens digit of n?
1
Suppose -3*u = 4*q - 22 - 17, -2*q + 3*u + 33 = 0. What is the units digit of q?
2
Suppose -162 = -5*o + 3*y + 203, 0 = -2*o - 2*y + 130. Suppose 2 + 1 = 3*d, 5*d - o = -5*r. What is the units digit of r?
3
Suppose -3*x = 2*x + 30. Let v = 6 + x. Let m(j) = j + 8. What is the units digit of m(v)?
8
Suppose -2*s + 53 = -3*o - 217, 4*s = -5*o + 518. What is the units digit of s?
2
Let y(k) = -21*k - 1. What is the tens digit of y(-1)?
2
Let r = 220 + -64. Let n = r - 90. What is the tens digit of (2/4)/(3/n)?
1
Let z be 2/(-5) + 1455/75. Suppose -9 + 1 = -4*q. Suppose q = 3*w - z. What is the units digit of w?
7
Suppose -13*s = 3*s - 3088. What is the units digit of s?
3
Suppose 3*x - 4 = 2. Suppose 0 = x*z + z - 27. What is the units digit of z?
9
Let l = 0 + 5. What is the units digit of l?
5
Let d = 39 + 3. What is the units digit of d?
2
Suppose 0 = 6*f - 2*f - 12. Suppose 6*n - 5*l - 10 = f*n, 5*n = -5*l + 70. What is the units digit of n?
0
Suppose 0 = 2*g - 47 - 57. Suppose -36 = -2*f + g. What is the units digit of f?
4
Suppose 0 = -j + 184 - 30. What is the hundreds digit of j?
1
Let h(p) = p - 33. Let z be h(18). Let q = z - -21. What is the units digit of q?
6
Let y = 0 + -6. Let n = 2 - y. What is the units digit of n + 0 - 3/3?
7
Let f be (14/4)/((-2)/(-4)). What is the units digit of (-1)/(f/(-2) + 3)?
2
Let t = -11 - -7. Let g be 1*(-3)/(3/t). Suppose 5*i = 2*s + 19, 2*i - 3*i - g = -3*s. What is the units digit of s?
3
Let y = 25 + 122. What is the tens digit of y?
4
Let f(v) be the third derivative of -v**6/120 + v**5/30 - v**4/24 - 2*v**2. Let m(y) = -3*y**2 - 2*y + 3. Let a be m(1). What is the units digit of f(a)?
8
Let g(k) = 15*k + 10. Let c be g(6). Suppose -3*l - c = -8*l. What is the units digit of l?
0
Suppose -4*c = -5*c + 8. Let j be ((-4)/6)/((-2)/6). Suppose -2*r - j = -c. What is the units digit of r?
3
Let f(b) be the second derivative of 1/20*b**5 + 5/6*b**3 + 7/12*b**4 + 0 - 2*b + 3/2*b**2. What is the units digit of f(-6)?
9
Suppose -6*l + 107 + 13 = 0. What is the units digit of l?
0
Let u = -67 - -219. What is the tens digit of u?
5
Let j be (-1)/(-3) - 12/36. Let q(p) = -p**2 + 30. What is the units digit of q(j)?
0
Let p(u) = -3*u**2 - 35*u + 6. What is the tens digit of p(-11)?
2
Let s = 131 - 49. What is the units digit of s/((-4)/(-6)*3)?
1
Suppose 4*h = -h + 100. What is the units digit of (-3)/(3 - h/6)?
9
Let r = 27 - 1. What is the units digit of r?
6
Let u(g) = -g**2 - 4*g - 3. Let j be u(-3). Suppose 0 = n - 2*n + 5*k - 17, j = -2*n - 3*k + 31. What is the units digit of n?
8
Let k be 2/(-5) - 485/(-25). Suppose 3 - 18 = -5*h, 3*h - k = -5*m. Suppose -4*p = -0*r - 3*r + 10, -m*r = 4*p. What is the units digit of r?
2
Suppose -5*g = -2*g. Suppose i - 4*i + 108 = g. What is the tens digit of i?
3
Suppose -3*f - f = -h - 4, 0 = 2*f - 3*h + 8. Suppose -2*s = -4*u - f, 3*s = 2*u - 5*u + 12. What is the units digit of u?
1
Let p(f) = 3*f - 1. Let o be p(2). Let j be o/2*(0 + 2). Suppose -i = j*r - 79, -2*r - 3*i + 42 = -0*i. What is the tens digit of r?
1
Let r(i) = -3*i + 3. Let o(f) = f - 2. Let g(q) = -5*o(q) - 3*r(q). Let c be g(1). Suppose 2*y + 16 = z, 34 = 2*z + c*y - 25. What is the tens digit of z?
2
Suppose -2 = 2*u + 3*u - 3*g, g = 4. What is the units digit of 5/(-1 - (-4)/u)?
5
Let j(l) be the third derivative of 1/24*l**4 + 0*l + 0 - 3/2*l**3 + 3*l**2. What is the units digit of j(13)?
4
Suppose 8*x - 8 = 10*x. Let c(f) = -f**3 - 3*f**2 + 2*f - 1. What is the units digit of c(x)?
7
Let m(x) = -x**3 - 5*x**2 + 5*x - 1. Let h be m(-6). Suppose 0 = l - h + 28. Let v = l + 32. What is the units digit of v?
9
Suppose 2*s + 1 = 5*l, -l - 3*l = -s - 8. Let t = s - 7. Suppose 4 - 9 = -t*d. What is the units digit of d?
1
Suppose -h - 5*z - 84 = h, 2*z = h + 51. Let u be h/(-7) - (-2)/7. Suppose 2*j - 3*j = -u. What is the units digit of j?
7
Suppose -4*l + l + 105 = 0. Let a = l + -4. What is the units digit of a?
1
Suppose m + 2*m = 0. Suppose 2*c = -m*c + 6. Suppose 0*j - c*j + 39 = 0. What is the tens digit of j?
1
Let b = 48 + -9. What is the units digit of b?
9
Suppose -4*f - 3 + 7 = 0. Let i(t) = -f - t**2 + 2*t**2 + 2. What is the units digit of i(2)?
5
Let t(s) = 0*s**2 + 5*s**2 - 3*s**2 + 1 + 0*s + s. Let y be t(-3). Suppose r - y = -3*r. What is the units digit of r?
4
Suppose 2*z + 4 = -2. Let u be (-1 + -1)*1 - z. What is the units digit of 3/((-2)/(-6)*u)?
9
Suppose 4*q - 2*c = 16 + 62, -4*c = -2*q + 36. What is the tens digit of q?
2
Let l = 1 - -5. What is the tens digit of (38/l)/((-6)/(-18))?
1
Let v(b) = 5*b. Let y be v(1). Suppose -4*x = -2*m - 27 + 1, -y*m - 10 = x. What is the units digit of x?
5
Let s = -208 - -346. What is the tens digit of s?
3
Suppose -5*n + 178 = 2*y, 7*n - 426 = -5*y + 4*n. What is the tens digit of y?
8
Let d be (-56)/6 + 1/3. Suppose -2*l - 12 = 2*l. What is the units digit of 2/(-3)*l - d?
1
What is the tens digit of ((-2)/8 - 804/(-16)) + 3?
5
Suppose 0 = 3*b - 25 - 26. Let n = -26 + b. Let v = -2 - n. What is the units digit of v?
7
Suppose 0 = 5*t - 7*t. Let u be 1 - (-3 - t) - 0. What is the tens digit of ((-6)/u)/(9/(-66))?
1
Let h(t) = -3*t - 2. Suppose -q = 2*u, -3*q - 3 = q + 5*u. What is the units digit of h(q)?
4
Let m = -7 + 66. What is the tens digit of m?
5
Let d = 114 + -49. What is the tens digit of d?
6
Let r be (-3*(3 + -1))/(-2). Suppose 20 = n + r. What is the units digit of n?
7
Let j be 1/(-1 + 11/10). Suppose 8*k - j*k = -22. What is the units digit of k?
1
Suppose -5*x = -3 - 12. Suppose -4 = -x*m + m. What is the units digit of m?
2
Suppose -4*n + 327 = -8*o + 7*o, -4 = -4*o. What is the tens digit of n?
8
What is the hundreds digit of 1/((-2)/(4 + -218))?
1
Suppose 77 + 98 = 5*d. What is the units digit of d?
5
Let f = 8 + 4. Suppose 7*w - 3*w = f. Suppose -4*x + 25 = 3*g, -23 = -3*g + x - w*x. What is the units digit of g?
7
Suppose 3*c + 9 = 117. What is the tens digit of c?
3
Suppose 10*q - 1185 = -365. What is the units digit of q?
2
Suppose 5*g + 5 - 25 = 0. What is the units digit of g + (-6)/(2 + 1)?
2
Suppose 10*m = 5*m + 10. Suppose m*x - 36 = -x. What is the tens digit of x?
1
Let d be 356/14 + 6/(-14). Let h = 5 + d. What is the tens digit of h?
3
Suppose 3*d = 23 + 208. What is the tens digit of d?
7
Suppose 5*y + m - 13 = 71, -y = 2*m - 24. What is the units digit of y?
6
Let h be -2 + 1 - 0 - 5. Let g = 8 + h. Suppose -g*y - 2*y + 29 = 3*l, 2*l + 2*y = 18. What is the units digit of l?
7
Let j(o) = o**2 + 9*o + 3. What is the tens digit of j(11)?
2
What is the units digit of -1 + 1 - (-9)/((-18)/(-4))?
2
Suppose -v + 2 = 0, -5*v - 50 = -2*s - 2*v. What is the units digit of s?
8
Let l(c) = -11*c**2 + 3*c + 2 - 5*c + 35*c**2. What is the units digit of l(1)?
4
Let d(o) = 2*o**2 + 14*o + 20. What is the units digit of d(-8)?
6
Let g be (-12)/3*6/8. Let c = 1 - g. Suppose 4*l = c, -7*z + 4*z + 2*l = -7. What is the units digit of z?
3
Let l = -33 - -79. What is the units digit of l?
6
Suppose -2*s - n + 4 = 4*n, 2*s + 2*n = 4. Let v(m) = 4*m - 5 + 2 +